{"id":22,"date":"2016-11-15T11:38:57","date_gmt":"2016-11-15T10:38:57","guid":{"rendered":"http:\/\/gsdb.bonnancy.net\/wordpress\/?page_id=22"},"modified":"2025-09-22T23:17:51","modified_gmt":"2025-09-22T21:17:51","slug":"un-double-patronage","status":"publish","type":"page","link":"https:\/\/www.gsdb.fr\/index.php\/projet-pedagogique\/un-double-patronage\/","title":{"rendered":"Confiance, Joie, Pers\u00e9v\u00e9rance !"},"content":{"rendered":"\n<p><\/p>\n\n\n\n<p><\/p>\n\n\n\n<p><\/p>\n\n\n<h3 style=\"text-align: center;\"><strong>Deux Saints Patrons&#8230;<\/strong><\/h3>\n<p style=\"text-align: justify;\">Le groupe scolaire Don Bosco se place d&#8217;embl\u00e9e sous le double patronage de deux saints patrons :<\/p>\n<p style=\"text-align: justify;\">Sous la bienveillance de <strong>saint Jean Bosco<\/strong>, \u00ab sp\u00e9cialiste \u00bb de l&rsquo;\u00e9ducation des jeunes gens, ayant consacr\u00e9 toute sa vie \u00e0 leur offrir ce que le monde ne leur donnait pas, l&rsquo;\u0152uvre scolaire Don Bosco vise \u00e0 accueillir tous les enfants qui ont besoin d&rsquo;un cadre d&rsquo;\u00e9ducation particulier, en effectif r\u00e9duit.<\/p>\n<p style=\"text-align: justify;\"><strong>Saint Joseph<\/strong> aussi, car il nous a si bien accompagn\u00e9s pour le lancement du projet qui n\u00e9cessite un certain bon sens mat\u00e9riel ! Au-del\u00e0, quel \u00e9ducateur est-il plus \u00e0 m\u00eame de nous guider dans cette charge ? Il a accompagn\u00e9 la Sainte-Vierge et \u00e9duqu\u00e9 le Fils de Dieu avec douceur, pers\u00e9v\u00e9rance et humilit\u00e9.<\/p>\n<p>\u00a0<\/p>\n<h3 style=\"text-align: center; padding-left: 280px;\"><strong>&#8230;une \u00c9cole marraine\u2026<img decoding=\"async\" loading=\"lazy\" class=\"alignright size-medium wp-image-3909 img-responsive\" src=\"https:\/\/www.gsdb.fr\/wp-content\/uploads\/2025\/09\/IMG_2651-e1758575815298-300x239.jpeg\" alt=\"\" width=\"300\" height=\"239\" srcset=\"https:\/\/www.gsdb.fr\/wp-content\/uploads\/2025\/09\/IMG_2651-e1758575815298-300x239.jpeg 300w, https:\/\/www.gsdb.fr\/wp-content\/uploads\/2025\/09\/IMG_2651-e1758575815298-150x120.jpeg 150w, https:\/\/www.gsdb.fr\/wp-content\/uploads\/2025\/09\/IMG_2651-e1758575815298.jpeg 400w\" sizes=\"(max-width: 300px) 100vw, 300px\" \/><\/strong><\/h3>\n<p style=\"text-align: justify;\"><a href=\"http:\/\/ecole-st-dominique.fr\" target=\"_blank\" rel=\"noopener\"><strong><u>Saint-Dominique du Pecq<\/u><\/strong><\/a>, \u00e9tablissement libre pr\u00e8s de Versailles, nous suit d&rsquo;un \u0153il bienveillant.<\/p>\n<p style=\"text-align: justify;\">Voyez <strong><a href=\"https:\/\/www.youtube.com\/watch?v=bkJv4UNQ8Rw\" target=\"_blank\" rel=\"noopener\"><u>l\u2019entretien<\/u><\/a><\/strong> avec son cofondateur et ancien directeur (particuli\u00e8rement la 22e minute).<\/p>\n<p style=\"text-align: justify;\"><span style=\"font-size: revert;\">Ce groupe scolaire allant jusqu\u2019au lyc\u00e9e compte pr\u00e8s d\u2019un millier d&rsquo;\u00e9l\u00e8ves et avait d\u00e9but\u00e9 modestement en 1992, comme nous.<\/span><\/p>\n<p>\u00a0<\/p>\n<h3 style=\"text-align: center;\"><b>\u2026et une Fondation,<\/b><\/h3>\n<h4 style=\"text-align: center;\"><span style=\"font-size: revert;\"><span style=\"font-weight: normal;\">qui nous soutient, nous conseille, nous aide, nous forme, depuis 2013.<\/span><\/span><\/h4>\n<h4 style=\"text-align: center;\"><span style=\"font-size: revert;\"><a href=\"http:\/\/fondationpourlecole.org\"><img decoding=\"async\" loading=\"lazy\" class=\"img-responsive wp-image-3900 aligncenter\" src=\"https:\/\/www.gsdb.fr\/wp-content\/uploads\/2025\/09\/IMG_2649-e1758574522889-300x209.jpeg\" alt=\"\" width=\"300\" height=\"209\" \/><br \/><\/a><\/span><\/h4>\n\n\n<div class=\"wp-block-columns is-layout-flex wp-container-3\">\n<div class=\"wp-block-column is-vertically-aligned-top is-layout-flow\" style=\"flex-basis:66.66%\"><\/div>\n\n\n\n<div class=\"wp-block-column is-layout-flow\" style=\"flex-basis:33.33%\"><\/div>\n<\/div>\n","protected":false},"excerpt":{"rendered":"<p>Deux Saints Patrons&#8230; Le groupe scolaire Don Bosco se place d&#8217;embl\u00e9e sous le double patronage de deux saints patrons : Sous la bienveillance de saint Jean Bosco, \u00ab sp\u00e9cialiste \u00bb<\/p>\n","protected":false},"author":2,"featured_media":0,"parent":16,"menu_order":0,"comment_status":"closed","ping_status":"closed","template":"","meta":[],"yoast_head":"<!-- This site is optimized with the Yoast SEO plugin v20.5 - https:\/\/yoast.com\/wordpress\/plugins\/seo\/ -->\n<title>Confiance, Joie, Pers\u00e9v\u00e9rance ! - Groupe scolaire Don Bosco \u00e0 Compi\u00e8gne : GSDB.Fr<\/title>\n<meta name=\"description\" content=\"Le Groupe Scolaire Don Bosco de Compi\u00e8gne, \u00e9tablissement Hors Contrat, a pour devise Joie, Confiance et Pers\u00e9v\u00e9rance\" \/>\n<meta name=\"robots\" content=\"index, follow, max-snippet:-1, max-image-preview:large, max-video-preview:-1\" \/>\n<link rel=\"canonical\" href=\"https:\/\/www.gsdb.fr\/index.php\/projet-pedagogique\/un-double-patronage\/\" \/>\n<meta property=\"og:locale\" content=\"fr_FR\" \/>\n<meta property=\"og:type\" content=\"article\" \/>\n<meta property=\"og:title\" content=\"Confiance, Joie, Pers\u00e9v\u00e9rance ! - Groupe scolaire Don Bosco \u00e0 Compi\u00e8gne : GSDB.Fr\" \/>\n<meta property=\"og:description\" content=\"Le Groupe Scolaire Don Bosco de Compi\u00e8gne, \u00e9tablissement Hors Contrat, a pour devise Joie, Confiance et Pers\u00e9v\u00e9rance\" \/>\n<meta property=\"og:url\" content=\"https:\/\/www.gsdb.fr\/index.php\/projet-pedagogique\/un-double-patronage\/\" \/>\n<meta property=\"og:site_name\" content=\"Groupe scolaire Don Bosco \u00e0 Compi\u00e8gne : GSDB.Fr\" \/>\n<meta property=\"article:modified_time\" content=\"2025-09-22T21:17:51+00:00\" \/>\n<meta property=\"og:image\" content=\"https:\/\/www.gsdb.fr\/wp-content\/uploads\/2025\/09\/IMG_2651-e1758575815298-300x239.jpeg\" \/>\n<meta name=\"twitter:card\" content=\"summary_large_image\" \/>\n<meta name=\"twitter:label1\" content=\"Dur\u00e9e de lecture estim\u00e9e\" \/>\n\t<meta name=\"twitter:data1\" content=\"2 minutes\" \/>\n<script type=\"application\/ld+json\" class=\"yoast-schema-graph\">{\"@context\":\"https:\/\/schema.org\",\"@graph\":[{\"@type\":\"WebPage\",\"@id\":\"https:\/\/www.gsdb.fr\/index.php\/projet-pedagogique\/un-double-patronage\/\",\"url\":\"https:\/\/www.gsdb.fr\/index.php\/projet-pedagogique\/un-double-patronage\/\",\"name\":\"Confiance, Joie, Pers\u00e9v\u00e9rance ! - Groupe scolaire Don Bosco \u00e0 Compi\u00e8gne : GSDB.Fr\",\"isPartOf\":{\"@id\":\"https:\/\/www.gsdb.fr\/#website\"},\"datePublished\":\"2016-11-15T10:38:57+00:00\",\"dateModified\":\"2025-09-22T21:17:51+00:00\",\"description\":\"Le Groupe Scolaire Don Bosco de Compi\u00e8gne, \u00e9tablissement Hors Contrat, a pour devise Joie, Confiance et Pers\u00e9v\u00e9rance\",\"breadcrumb\":{\"@id\":\"https:\/\/www.gsdb.fr\/index.php\/projet-pedagogique\/un-double-patronage\/#breadcrumb\"},\"inLanguage\":\"fr-FR\",\"potentialAction\":[{\"@type\":\"ReadAction\",\"target\":[\"https:\/\/www.gsdb.fr\/index.php\/projet-pedagogique\/un-double-patronage\/\"]}]},{\"@type\":\"BreadcrumbList\",\"@id\":\"https:\/\/www.gsdb.fr\/index.php\/projet-pedagogique\/un-double-patronage\/#breadcrumb\",\"itemListElement\":[{\"@type\":\"ListItem\",\"position\":1,\"name\":\"Accueil\",\"item\":\"https:\/\/www.gsdb.fr\/\"},{\"@type\":\"ListItem\",\"position\":2,\"name\":\"La P\u00e9dagogie : Raison, Affection &#038; Foi\",\"item\":\"https:\/\/www.gsdb.fr\/index.php\/projet-pedagogique\/\"},{\"@type\":\"ListItem\",\"position\":3,\"name\":\"Confiance, Joie, Pers\u00e9v\u00e9rance !\"}]},{\"@type\":\"WebSite\",\"@id\":\"https:\/\/www.gsdb.fr\/#website\",\"url\":\"https:\/\/www.gsdb.fr\/\",\"name\":\"Groupe scolaire Don Bosco \u00e0 Compi\u00e8gne : GSDB.Fr\",\"description\":\"Confiance, Joie, Pers\u00e9v\u00e9rance !\",\"publisher\":{\"@id\":\"https:\/\/www.gsdb.fr\/#organization\"},\"potentialAction\":[{\"@type\":\"SearchAction\",\"target\":{\"@type\":\"EntryPoint\",\"urlTemplate\":\"https:\/\/www.gsdb.fr\/?s={search_term_string}\"},\"query-input\":\"required name=search_term_string\"}],\"inLanguage\":\"fr-FR\"},{\"@type\":\"Organization\",\"@id\":\"https:\/\/www.gsdb.fr\/#organization\",\"name\":\"Groupe Scolaire Don Bosco\",\"url\":\"https:\/\/www.gsdb.fr\/\",\"logo\":{\"@type\":\"ImageObject\",\"inLanguage\":\"fr-FR\",\"@id\":\"https:\/\/www.gsdb.fr\/#\/schema\/logo\/image\/\",\"url\":\"https:\/\/www.gsdb.fr\/wp-content\/uploads\/2018\/12\/cropped-blason-new-ss-bando-Q-3.png\",\"contentUrl\":\"https:\/\/www.gsdb.fr\/wp-content\/uploads\/2018\/12\/cropped-blason-new-ss-bando-Q-3.png\",\"width\":886,\"height\":948,\"caption\":\"Groupe Scolaire Don Bosco\"},\"image\":{\"@id\":\"https:\/\/www.gsdb.fr\/#\/schema\/logo\/image\/\"}}]}<\/script>\n<!-- \/ Yoast SEO plugin. -->","yoast_head_json":{"title":"Confiance, Joie, Pers\u00e9v\u00e9rance ! - Groupe scolaire Don Bosco \u00e0 Compi\u00e8gne : GSDB.Fr","description":"Le Groupe Scolaire Don Bosco de Compi\u00e8gne, \u00e9tablissement Hors Contrat, a pour devise Joie, Confiance et Pers\u00e9v\u00e9rance","robots":{"index":"index","follow":"follow","max-snippet":"max-snippet:-1","max-image-preview":"max-image-preview:large","max-video-preview":"max-video-preview:-1"},"canonical":"https:\/\/www.gsdb.fr\/index.php\/projet-pedagogique\/un-double-patronage\/","og_locale":"fr_FR","og_type":"article","og_title":"Confiance, Joie, Pers\u00e9v\u00e9rance ! - Groupe scolaire Don Bosco \u00e0 Compi\u00e8gne : GSDB.Fr","og_description":"Le Groupe Scolaire Don Bosco de Compi\u00e8gne, \u00e9tablissement Hors Contrat, a pour devise Joie, Confiance et Pers\u00e9v\u00e9rance","og_url":"https:\/\/www.gsdb.fr\/index.php\/projet-pedagogique\/un-double-patronage\/","og_site_name":"Groupe scolaire Don Bosco \u00e0 Compi\u00e8gne : GSDB.Fr","article_modified_time":"2025-09-22T21:17:51+00:00","og_image":[{"url":"https:\/\/www.gsdb.fr\/wp-content\/uploads\/2025\/09\/IMG_2651-e1758575815298-300x239.jpeg"}],"twitter_card":"summary_large_image","twitter_misc":{"Dur\u00e9e de lecture estim\u00e9e":"2 minutes"},"schema":{"@context":"https:\/\/schema.org","@graph":[{"@type":"WebPage","@id":"https:\/\/www.gsdb.fr\/index.php\/projet-pedagogique\/un-double-patronage\/","url":"https:\/\/www.gsdb.fr\/index.php\/projet-pedagogique\/un-double-patronage\/","name":"Confiance, Joie, Pers\u00e9v\u00e9rance ! - Groupe scolaire Don Bosco \u00e0 Compi\u00e8gne : GSDB.Fr","isPartOf":{"@id":"https:\/\/www.gsdb.fr\/#website"},"datePublished":"2016-11-15T10:38:57+00:00","dateModified":"2025-09-22T21:17:51+00:00","description":"Le Groupe Scolaire Don Bosco de Compi\u00e8gne, \u00e9tablissement Hors Contrat, a pour devise Joie, Confiance et Pers\u00e9v\u00e9rance","breadcrumb":{"@id":"https:\/\/www.gsdb.fr\/index.php\/projet-pedagogique\/un-double-patronage\/#breadcrumb"},"inLanguage":"fr-FR","potentialAction":[{"@type":"ReadAction","target":["https:\/\/www.gsdb.fr\/index.php\/projet-pedagogique\/un-double-patronage\/"]}]},{"@type":"BreadcrumbList","@id":"https:\/\/www.gsdb.fr\/index.php\/projet-pedagogique\/un-double-patronage\/#breadcrumb","itemListElement":[{"@type":"ListItem","position":1,"name":"Accueil","item":"https:\/\/www.gsdb.fr\/"},{"@type":"ListItem","position":2,"name":"La P\u00e9dagogie : Raison, Affection &#038; Foi","item":"https:\/\/www.gsdb.fr\/index.php\/projet-pedagogique\/"},{"@type":"ListItem","position":3,"name":"Confiance, Joie, Pers\u00e9v\u00e9rance !"}]},{"@type":"WebSite","@id":"https:\/\/www.gsdb.fr\/#website","url":"https:\/\/www.gsdb.fr\/","name":"Groupe scolaire Don Bosco \u00e0 Compi\u00e8gne : GSDB.Fr","description":"Confiance, Joie, Pers\u00e9v\u00e9rance !","publisher":{"@id":"https:\/\/www.gsdb.fr\/#organization"},"potentialAction":[{"@type":"SearchAction","target":{"@type":"EntryPoint","urlTemplate":"https:\/\/www.gsdb.fr\/?s={search_term_string}"},"query-input":"required name=search_term_string"}],"inLanguage":"fr-FR"},{"@type":"Organization","@id":"https:\/\/www.gsdb.fr\/#organization","name":"Groupe Scolaire Don Bosco","url":"https:\/\/www.gsdb.fr\/","logo":{"@type":"ImageObject","inLanguage":"fr-FR","@id":"https:\/\/www.gsdb.fr\/#\/schema\/logo\/image\/","url":"https:\/\/www.gsdb.fr\/wp-content\/uploads\/2018\/12\/cropped-blason-new-ss-bando-Q-3.png","contentUrl":"https:\/\/www.gsdb.fr\/wp-content\/uploads\/2018\/12\/cropped-blason-new-ss-bando-Q-3.png","width":886,"height":948,"caption":"Groupe Scolaire Don Bosco"},"image":{"@id":"https:\/\/www.gsdb.fr\/#\/schema\/logo\/image\/"}}]}},"_links":{"self":[{"href":"https:\/\/www.gsdb.fr\/index.php\/wp-json\/wp\/v2\/pages\/22"}],"collection":[{"href":"https:\/\/www.gsdb.fr\/index.php\/wp-json\/wp\/v2\/pages"}],"about":[{"href":"https:\/\/www.gsdb.fr\/index.php\/wp-json\/wp\/v2\/types\/page"}],"author":[{"embeddable":true,"href":"https:\/\/www.gsdb.fr\/index.php\/wp-json\/wp\/v2\/users\/2"}],"replies":[{"embeddable":true,"href":"https:\/\/www.gsdb.fr\/index.php\/wp-json\/wp\/v2\/comments?post=22"}],"version-history":[{"count":38,"href":"https:\/\/www.gsdb.fr\/index.php\/wp-json\/wp\/v2\/pages\/22\/revisions"}],"predecessor-version":[{"id":3923,"href":"https:\/\/www.gsdb.fr\/index.php\/wp-json\/wp\/v2\/pages\/22\/revisions\/3923"}],"up":[{"embeddable":true,"href":"https:\/\/www.gsdb.fr\/index.php\/wp-json\/wp\/v2\/pages\/16"}],"wp:attachment":[{"href":"https:\/\/www.gsdb.fr\/index.php\/wp-json\/wp\/v2\/media?parent=22"}],"curies":[{"name":"wp","href":"https:\/\/api.w.org\/{rel}","templated":true}]}}