{"id":3939,"date":"2025-09-29T20:49:06","date_gmt":"2025-09-29T18:49:06","guid":{"rendered":"https:\/\/www.gsdb.fr\/?page_id=3939"},"modified":"2025-09-29T20:55:36","modified_gmt":"2025-09-29T18:55:36","slug":"emission-sur-lecole-catholique","status":"publish","type":"page","link":"https:\/\/www.gsdb.fr\/index.php\/emission-sur-lecole-catholique\/","title":{"rendered":"\u00c9mission sur l\u2019\u00c9cole catholique"},"content":{"rendered":"\n<p><em><span style=\"text-decoration: underline;\"><a href=\"https:\/\/www.europe1.fr\/emissions\/en-quete-desprit\/en-quete-desprit-ecole-catholique-libre-de-transmettre-la-foi-774379\" target=\"_blank\" rel=\"noreferrer noopener\">En Qu\u00eate d\u2019Esprit<\/a><\/span><\/em>, l\u2019\u00e9mission hebdomadaire pr\u00e9sent\u00e9e par Aymeric Pourbaix eut pour th\u00e8me le 28 septembre 2025 :<\/p>\n\n\n\n<p class=\"has-text-align-center\"><em>La Libert\u00e9 de transmettre la Foi.<\/em><\/p>\n\n\n<div class=\"wp-block-image\">\n<figure class=\"aligncenter size-large is-resized\"><a href=\"https:\/\/www.europe1.fr\/emissions\/en-quete-desprit\/en-quete-desprit-ecole-catholique-libre-de-transmettre-la-foi-774379\" target=\"_blank\" rel=\"noreferrer noopener\"><img decoding=\"async\" loading=\"lazy\" src=\"https:\/\/www.gsdb.fr\/wp-content\/uploads\/2025\/09\/IMG_2671-1024x331.jpeg\" alt=\"\" class=\"wp-image-3944\" width=\"660\" height=\"213\" srcset=\"https:\/\/www.gsdb.fr\/wp-content\/uploads\/2025\/09\/IMG_2671-1024x331.jpeg 1024w, https:\/\/www.gsdb.fr\/wp-content\/uploads\/2025\/09\/IMG_2671-300x97.jpeg 300w, https:\/\/www.gsdb.fr\/wp-content\/uploads\/2025\/09\/IMG_2671-150x49.jpeg 150w, https:\/\/www.gsdb.fr\/wp-content\/uploads\/2025\/09\/IMG_2671-768x249.jpeg 768w, https:\/\/www.gsdb.fr\/wp-content\/uploads\/2025\/09\/IMG_2671-1536x497.jpeg 1536w, https:\/\/www.gsdb.fr\/wp-content\/uploads\/2025\/09\/IMG_2671.jpeg 1922w\" sizes=\"(max-width: 660px) 100vw, 660px\" \/><\/a><\/figure><\/div>","protected":false},"excerpt":{"rendered":"<p>En Qu\u00eate d\u2019Esprit, l\u2019\u00e9mission hebdomadaire pr\u00e9sent\u00e9e par Aymeric Pourbaix eut pour th\u00e8me le 28 septembre 2025 : La Libert\u00e9 de transmettre la Foi.<\/p>\n","protected":false},"author":7,"featured_media":0,"parent":0,"menu_order":0,"comment_status":"closed","ping_status":"closed","template":"","meta":[],"yoast_head":"<!-- This site is optimized with the Yoast SEO plugin v20.5 - https:\/\/yoast.com\/wordpress\/plugins\/seo\/ -->\n<title>\u00c9mission sur l\u2019\u00c9cole catholique - Groupe scolaire Don Bosco \u00e0 Compi\u00e8gne : GSDB.Fr<\/title>\n<meta name=\"description\" content=\"Le Groupe Scolaire Don Bosco de Compi\u00e8gne, \u00e9tablissement Hors Contrat, a pour devise Joie, Confiance et Pers\u00e9v\u00e9rance\" \/>\n<meta name=\"robots\" content=\"index, follow, max-snippet:-1, max-image-preview:large, max-video-preview:-1\" \/>\n<link rel=\"canonical\" href=\"https:\/\/www.gsdb.fr\/index.php\/emission-sur-lecole-catholique\/\" \/>\n<meta property=\"og:locale\" content=\"fr_FR\" \/>\n<meta property=\"og:type\" content=\"article\" \/>\n<meta property=\"og:title\" content=\"\u00c9mission sur l\u2019\u00c9cole catholique - Groupe scolaire Don Bosco \u00e0 Compi\u00e8gne : GSDB.Fr\" \/>\n<meta property=\"og:description\" content=\"Le Groupe Scolaire Don Bosco de Compi\u00e8gne, \u00e9tablissement Hors Contrat, a pour devise Joie, Confiance et Pers\u00e9v\u00e9rance\" \/>\n<meta property=\"og:url\" content=\"https:\/\/www.gsdb.fr\/index.php\/emission-sur-lecole-catholique\/\" \/>\n<meta property=\"og:site_name\" content=\"Groupe scolaire Don Bosco \u00e0 Compi\u00e8gne : GSDB.Fr\" \/>\n<meta property=\"article:modified_time\" content=\"2025-09-29T18:55:36+00:00\" \/>\n<meta property=\"og:image\" content=\"https:\/\/www.gsdb.fr\/wp-content\/uploads\/2025\/09\/IMG_2671-1024x331.jpeg\" \/>\n<meta name=\"twitter:card\" content=\"summary_large_image\" \/>\n<meta name=\"twitter:label1\" content=\"Dur\u00e9e de lecture estim\u00e9e\" \/>\n\t<meta name=\"twitter:data1\" content=\"1 minute\" \/>\n<script type=\"application\/ld+json\" class=\"yoast-schema-graph\">{\"@context\":\"https:\/\/schema.org\",\"@graph\":[{\"@type\":\"WebPage\",\"@id\":\"https:\/\/www.gsdb.fr\/index.php\/emission-sur-lecole-catholique\/\",\"url\":\"https:\/\/www.gsdb.fr\/index.php\/emission-sur-lecole-catholique\/\",\"name\":\"\u00c9mission sur l\u2019\u00c9cole catholique - Groupe scolaire Don Bosco \u00e0 Compi\u00e8gne : GSDB.Fr\",\"isPartOf\":{\"@id\":\"https:\/\/www.gsdb.fr\/#website\"},\"datePublished\":\"2025-09-29T18:49:06+00:00\",\"dateModified\":\"2025-09-29T18:55:36+00:00\",\"description\":\"Le Groupe Scolaire Don Bosco de Compi\u00e8gne, \u00e9tablissement Hors Contrat, a pour devise Joie, Confiance et Pers\u00e9v\u00e9rance\",\"breadcrumb\":{\"@id\":\"https:\/\/www.gsdb.fr\/index.php\/emission-sur-lecole-catholique\/#breadcrumb\"},\"inLanguage\":\"fr-FR\",\"potentialAction\":[{\"@type\":\"ReadAction\",\"target\":[\"https:\/\/www.gsdb.fr\/index.php\/emission-sur-lecole-catholique\/\"]}]},{\"@type\":\"BreadcrumbList\",\"@id\":\"https:\/\/www.gsdb.fr\/index.php\/emission-sur-lecole-catholique\/#breadcrumb\",\"itemListElement\":[{\"@type\":\"ListItem\",\"position\":1,\"name\":\"Accueil\",\"item\":\"https:\/\/www.gsdb.fr\/\"},{\"@type\":\"ListItem\",\"position\":2,\"name\":\"\u00c9mission sur l\u2019\u00c9cole catholique\"}]},{\"@type\":\"WebSite\",\"@id\":\"https:\/\/www.gsdb.fr\/#website\",\"url\":\"https:\/\/www.gsdb.fr\/\",\"name\":\"Groupe scolaire Don Bosco \u00e0 Compi\u00e8gne : GSDB.Fr\",\"description\":\"Confiance, Joie, Pers\u00e9v\u00e9rance !\",\"publisher\":{\"@id\":\"https:\/\/www.gsdb.fr\/#organization\"},\"potentialAction\":[{\"@type\":\"SearchAction\",\"target\":{\"@type\":\"EntryPoint\",\"urlTemplate\":\"https:\/\/www.gsdb.fr\/?s={search_term_string}\"},\"query-input\":\"required name=search_term_string\"}],\"inLanguage\":\"fr-FR\"},{\"@type\":\"Organization\",\"@id\":\"https:\/\/www.gsdb.fr\/#organization\",\"name\":\"Groupe Scolaire Don Bosco\",\"url\":\"https:\/\/www.gsdb.fr\/\",\"logo\":{\"@type\":\"ImageObject\",\"inLanguage\":\"fr-FR\",\"@id\":\"https:\/\/www.gsdb.fr\/#\/schema\/logo\/image\/\",\"url\":\"https:\/\/www.gsdb.fr\/wp-content\/uploads\/2018\/12\/cropped-blason-new-ss-bando-Q-3.png\",\"contentUrl\":\"https:\/\/www.gsdb.fr\/wp-content\/uploads\/2018\/12\/cropped-blason-new-ss-bando-Q-3.png\",\"width\":886,\"height\":948,\"caption\":\"Groupe Scolaire Don Bosco\"},\"image\":{\"@id\":\"https:\/\/www.gsdb.fr\/#\/schema\/logo\/image\/\"}}]}<\/script>\n<!-- \/ Yoast SEO plugin. -->","yoast_head_json":{"title":"\u00c9mission sur l\u2019\u00c9cole catholique - Groupe scolaire Don Bosco \u00e0 Compi\u00e8gne : GSDB.Fr","description":"Le Groupe Scolaire Don Bosco de Compi\u00e8gne, \u00e9tablissement Hors Contrat, a pour devise Joie, Confiance et Pers\u00e9v\u00e9rance","robots":{"index":"index","follow":"follow","max-snippet":"max-snippet:-1","max-image-preview":"max-image-preview:large","max-video-preview":"max-video-preview:-1"},"canonical":"https:\/\/www.gsdb.fr\/index.php\/emission-sur-lecole-catholique\/","og_locale":"fr_FR","og_type":"article","og_title":"\u00c9mission sur l\u2019\u00c9cole catholique - Groupe scolaire Don Bosco \u00e0 Compi\u00e8gne : GSDB.Fr","og_description":"Le Groupe Scolaire Don Bosco de Compi\u00e8gne, \u00e9tablissement Hors Contrat, a pour devise Joie, Confiance et Pers\u00e9v\u00e9rance","og_url":"https:\/\/www.gsdb.fr\/index.php\/emission-sur-lecole-catholique\/","og_site_name":"Groupe scolaire Don Bosco \u00e0 Compi\u00e8gne : GSDB.Fr","article_modified_time":"2025-09-29T18:55:36+00:00","og_image":[{"url":"https:\/\/www.gsdb.fr\/wp-content\/uploads\/2025\/09\/IMG_2671-1024x331.jpeg"}],"twitter_card":"summary_large_image","twitter_misc":{"Dur\u00e9e de lecture estim\u00e9e":"1 minute"},"schema":{"@context":"https:\/\/schema.org","@graph":[{"@type":"WebPage","@id":"https:\/\/www.gsdb.fr\/index.php\/emission-sur-lecole-catholique\/","url":"https:\/\/www.gsdb.fr\/index.php\/emission-sur-lecole-catholique\/","name":"\u00c9mission sur l\u2019\u00c9cole catholique - Groupe scolaire Don Bosco \u00e0 Compi\u00e8gne : GSDB.Fr","isPartOf":{"@id":"https:\/\/www.gsdb.fr\/#website"},"datePublished":"2025-09-29T18:49:06+00:00","dateModified":"2025-09-29T18:55:36+00:00","description":"Le Groupe Scolaire Don Bosco de Compi\u00e8gne, \u00e9tablissement Hors Contrat, a pour devise Joie, Confiance et Pers\u00e9v\u00e9rance","breadcrumb":{"@id":"https:\/\/www.gsdb.fr\/index.php\/emission-sur-lecole-catholique\/#breadcrumb"},"inLanguage":"fr-FR","potentialAction":[{"@type":"ReadAction","target":["https:\/\/www.gsdb.fr\/index.php\/emission-sur-lecole-catholique\/"]}]},{"@type":"BreadcrumbList","@id":"https:\/\/www.gsdb.fr\/index.php\/emission-sur-lecole-catholique\/#breadcrumb","itemListElement":[{"@type":"ListItem","position":1,"name":"Accueil","item":"https:\/\/www.gsdb.fr\/"},{"@type":"ListItem","position":2,"name":"\u00c9mission sur l\u2019\u00c9cole catholique"}]},{"@type":"WebSite","@id":"https:\/\/www.gsdb.fr\/#website","url":"https:\/\/www.gsdb.fr\/","name":"Groupe scolaire Don Bosco \u00e0 Compi\u00e8gne : GSDB.Fr","description":"Confiance, Joie, Pers\u00e9v\u00e9rance !","publisher":{"@id":"https:\/\/www.gsdb.fr\/#organization"},"potentialAction":[{"@type":"SearchAction","target":{"@type":"EntryPoint","urlTemplate":"https:\/\/www.gsdb.fr\/?s={search_term_string}"},"query-input":"required name=search_term_string"}],"inLanguage":"fr-FR"},{"@type":"Organization","@id":"https:\/\/www.gsdb.fr\/#organization","name":"Groupe Scolaire Don Bosco","url":"https:\/\/www.gsdb.fr\/","logo":{"@type":"ImageObject","inLanguage":"fr-FR","@id":"https:\/\/www.gsdb.fr\/#\/schema\/logo\/image\/","url":"https:\/\/www.gsdb.fr\/wp-content\/uploads\/2018\/12\/cropped-blason-new-ss-bando-Q-3.png","contentUrl":"https:\/\/www.gsdb.fr\/wp-content\/uploads\/2018\/12\/cropped-blason-new-ss-bando-Q-3.png","width":886,"height":948,"caption":"Groupe Scolaire Don Bosco"},"image":{"@id":"https:\/\/www.gsdb.fr\/#\/schema\/logo\/image\/"}}]}},"_links":{"self":[{"href":"https:\/\/www.gsdb.fr\/index.php\/wp-json\/wp\/v2\/pages\/3939"}],"collection":[{"href":"https:\/\/www.gsdb.fr\/index.php\/wp-json\/wp\/v2\/pages"}],"about":[{"href":"https:\/\/www.gsdb.fr\/index.php\/wp-json\/wp\/v2\/types\/page"}],"author":[{"embeddable":true,"href":"https:\/\/www.gsdb.fr\/index.php\/wp-json\/wp\/v2\/users\/7"}],"replies":[{"embeddable":true,"href":"https:\/\/www.gsdb.fr\/index.php\/wp-json\/wp\/v2\/comments?post=3939"}],"version-history":[{"count":5,"href":"https:\/\/www.gsdb.fr\/index.php\/wp-json\/wp\/v2\/pages\/3939\/revisions"}],"predecessor-version":[{"id":3948,"href":"https:\/\/www.gsdb.fr\/index.php\/wp-json\/wp\/v2\/pages\/3939\/revisions\/3948"}],"wp:attachment":[{"href":"https:\/\/www.gsdb.fr\/index.php\/wp-json\/wp\/v2\/media?parent=3939"}],"curies":[{"name":"wp","href":"https:\/\/api.w.org\/{rel}","templated":true}]}}

Émission sur l’École catholique

<p><em><span style="text-decoration: underline;"><a href="https://www.europe1.fr/emissions/en-quete-desprit/en-quete-desprit-ecole-catholique-libre-de-transmettre-la-foi-774379" target="_blank" rel="noreferrer noopener">En Quête d’Esprit</a></span></em>, l’émission hebdomadaire présentée par Aymeric Pourbaix eut pour thème le 28 septembre 2025 :</p>



<p class="has-text-align-center"><em>La Liberté de transmettre la Foi.</em></p>


<div class="wp-block-image">
<figure class="aligncenter size-large is-resized"><a href="https://www.europe1.fr/emissions/en-quete-desprit/en-quete-desprit-ecole-catholique-libre-de-transmettre-la-foi-774379" target="_blank" rel="noreferrer noopener"><img decoding="async" loading="lazy" src="https://www.gsdb.fr/wp-content/uploads/2025/09/IMG_2671-1024x331.jpeg" alt="" class="wp-image-3944" width="660" height="213" srcset="https://www.gsdb.fr/wp-content/uploads/2025/09/IMG_2671-1024x331.jpeg 1024w, https://www.gsdb.fr/wp-content/uploads/2025/09/IMG_2671-300x97.jpeg 300w, https://www.gsdb.fr/wp-content/uploads/2025/09/IMG_2671-150x49.jpeg 150w, https://www.gsdb.fr/wp-content/uploads/2025/09/IMG_2671-768x249.jpeg 768w, https://www.gsdb.fr/wp-content/uploads/2025/09/IMG_2671-1536x497.jpeg 1536w, https://www.gsdb.fr/wp-content/uploads/2025/09/IMG_2671.jpeg 1922w" sizes="(max-width: 660px) 100vw, 660px" /></a></figure></div>

<p>En Quête d’Esprit, l’émission hebdomadaire présentée par Aymeric Pourbaix eut pour thème le 28 septembre 2025 : La Liberté de transmettre la Foi.</p>

<!-- This site is optimized with the Yoast SEO plugin v20.5 - https://yoast.com/wordpress/plugins/seo/ -->
<title>Émission sur l’École catholique - Groupe scolaire Don Bosco à Compiègne : GSDB.Fr</title>
<meta name="description" content="Le Groupe Scolaire Don Bosco de Compiègne, établissement Hors Contrat, a pour devise Joie, Confiance et Persévérance" />
<meta name="robots" content="index, follow, max-snippet:-1, max-image-preview:large, max-video-preview:-1" />
<link rel="canonical" href="https://www.gsdb.fr/index.php/emission-sur-lecole-catholique/" />
<meta property="og:locale" content="fr_FR" />
<meta property="og:type" content="article" />
<meta property="og:title" content="Émission sur l’École catholique - Groupe scolaire Don Bosco à Compiègne : GSDB.Fr" />
<meta property="og:description" content="Le Groupe Scolaire Don Bosco de Compiègne, établissement Hors Contrat, a pour devise Joie, Confiance et Persévérance" />
<meta property="og:url" content="https://www.gsdb.fr/index.php/emission-sur-lecole-catholique/" />
<meta property="og:site_name" content="Groupe scolaire Don Bosco à Compiègne : GSDB.Fr" />
<meta property="article:modified_time" content="2025-09-29T18:55:36+00:00" />
<meta property="og:image" content="https://www.gsdb.fr/wp-content/uploads/2025/09/IMG_2671-1024x331.jpeg" />
<meta name="twitter:card" content="summary_large_image" />
<meta name="twitter:label1" content="Durée de lecture estimée" />
	<meta name="twitter:data1" content="1 minute" />
<script type="application/ld+json" class="yoast-schema-graph">{"@context":"https://schema.org","@graph":[{"@type":"WebPage","@id":"https://www.gsdb.fr/index.php/emission-sur-lecole-catholique/","url":"https://www.gsdb.fr/index.php/emission-sur-lecole-catholique/","name":"Émission sur l’École catholique - Groupe scolaire Don Bosco à Compiègne : GSDB.Fr","isPartOf":{"@id":"https://www.gsdb.fr/#website"},"datePublished":"2025-09-29T18:49:06+00:00","dateModified":"2025-09-29T18:55:36+00:00","description":"Le Groupe Scolaire Don Bosco de Compiègne, établissement Hors Contrat, a pour devise Joie, Confiance et Persévérance","breadcrumb":{"@id":"https://www.gsdb.fr/index.php/emission-sur-lecole-catholique/#breadcrumb"},"inLanguage":"fr-FR","potentialAction":[{"@type":"ReadAction","target":["https://www.gsdb.fr/index.php/emission-sur-lecole-catholique/"]}]},{"@type":"BreadcrumbList","@id":"https://www.gsdb.fr/index.php/emission-sur-lecole-catholique/#breadcrumb","itemListElement":[{"@type":"ListItem","position":1,"name":"Accueil","item":"https://www.gsdb.fr/"},{"@type":"ListItem","position":2,"name":"Émission sur l’École catholique"}]},{"@type":"WebSite","@id":"https://www.gsdb.fr/#website","url":"https://www.gsdb.fr/","name":"Groupe scolaire Don Bosco à Compiègne : GSDB.Fr","description":"Confiance, Joie, Persévérance !","publisher":{"@id":"https://www.gsdb.fr/#organization"},"potentialAction":[{"@type":"SearchAction","target":{"@type":"EntryPoint","urlTemplate":"https://www.gsdb.fr/?s={search_term_string}"},"query-input":"required name=search_term_string"}],"inLanguage":"fr-FR"},{"@type":"Organization","@id":"https://www.gsdb.fr/#organization","name":"Groupe Scolaire Don Bosco","url":"https://www.gsdb.fr/","logo":{"@type":"ImageObject","inLanguage":"fr-FR","@id":"https://www.gsdb.fr/#/schema/logo/image/","url":"https://www.gsdb.fr/wp-content/uploads/2018/12/cropped-blason-new-ss-bando-Q-3.png","contentUrl":"https://www.gsdb.fr/wp-content/uploads/2018/12/cropped-blason-new-ss-bando-Q-3.png","width":886,"height":948,"caption":"Groupe Scolaire Don Bosco"},"image":{"@id":"https://www.gsdb.fr/#/schema/logo/image/"}}]}</script>
<!-- / Yoast SEO plugin. -->

Émission sur l’École catholique - Groupe scolaire Don Bosco à Compiègne : GSDB.Fr

Le Groupe Scolaire Don Bosco de Compiègne, établissement Hors Contrat, a pour devise Joie, Confiance et Persévérance

Groupe scolaire Don Bosco à Compiègne : GSDB.Fr

Confiance, Joie, Persévérance !
